Let d be (-2 + 7 - 2) + 77. Suppose -u + 3*u - d = -4*z, -3*z - 215 = -4*u. List the prime factors of u.
2, 5
List the prime factors of 11427/18 + 10/(-12).
2, 317
Suppose 0 = -0*n - 4*n - 20, -s + 4*n + 12 = 0. What are the prime factors of s/((-40)/(-15)) + (-243)/(-3)?
2, 3, 13
Let m be 1/4 + (-2919)/(-84). What are the prime factors of (-4)/(-20) - (-9268)/m?
5, 53
Let k(x) = -x + 8. Let n be k(11). Let d be 0/(-6 - (n - 0)). Suppose d*h + 3*h = 87. List the prime factors of h.
29
List the prime factors of 9/(-6) + 1/((-8)/(-8980)).
19, 59
Suppose 4*s - 1031 = -a, -a + 5*s + 105 = -908. What are the prime factors of a?
3, 11, 31
Suppose 2*q - 3846 = -4*z, 4*q - 5*z - 3378 = 4249. What are the prime factors of q?
1913
Let v(a) = 20*a + 488. List the prime factors of v(0).
2, 61
Let n(z) = -9*z - 3. Let j(r) = -r. Let k(w) = -14*j(w) + 2*n(w). Let v = 8 - 14. What are the prime factors of k(v)?
2, 3
Let a(z) = -z**2 + 54. Let y be a(0). Let p be ((-30)/(-36))/(-5*4/(-120)). Suppose p*l - 3*l = y. List the prime factors of l.
3
Let u = 5 - 1. Let h be (-30)/u*16/(-20). Suppose -2*m = h - 88. List the prime factors of m.
41
Let b(f) = f**3 + 19*f**2 + 24*f + 9. Let v be b(-18). Let h = 196 + v. List the prime factors of h.
97
Let p = -4 + 7. Suppose -p = -3*i + 3. Suppose 3*v - 35 = -i*v. What are the prime factors of v?
7
Let f(h) be the third derivative of 7*h**4/24 + 7*h**2. Let c be f(-1). What are the prime factors of c/((-42)/4)*6?
2
Suppose 2*y - 14256 = 2*r - 3142, -4*r + 11144 = 2*y. List the prime factors of y.
2, 3, 103
Suppose 3*x - 1093 = -j, -x + 373 = -4*j - 0*j. What are the prime factors of x?
5, 73
Suppose 4*o + 4*y - 275 - 761 = 0, 0 = -o - 4*y + 271. Let f = o + 29. List the prime factors of f.
2, 71
What are the prime factors of (2 + 41)*(-10 + 45)?
5, 7, 43
Suppose -3*f + 0 = 2*g + 6, 2*g - 3*f + 6 = 0. Let a = -3 - g. Suppose -n + a = -13. List the prime factors of n.
13
Let u(l) = 9*l + 3. Let x be u(-3). Let s = x + 42. Let o = s - 7. List the prime factors of o.
11
Let a(p) be the third derivative of -p**5/60 + 17*p**4/24 - p**3/6 + 5*p**2. List the prime factors of a(7).
3, 23
What are the prime factors of ((-486)/(-21))/((-27)/(-1134))?
2, 3
Let q = 41 - 41. Suppose 12*i - 8*i - 24 = q. What are the prime factors of i?
2, 3
Suppose -u + 5*u = 24. Let h be (u/12)/(3/576). Let b = h - 55. List the prime factors of b.
41
Suppose r + 3*a + 6 = 20, -5*r + 5*a + 30 = 0. Suppose -r*z + 305 = -95. What are the prime factors of z?
2, 5
Let o(q) = q**3 - 16*q**2 + 8*q + 18. Let r(u) = u**2 + 21*u + 36. Let f be r(-20). List the prime factors of o(f).
2, 73
Let t = 798 + -271. What are the prime factors of t?
17, 31
Suppose 0 = -g - 3*g. Suppose -8*w + 9*w - 77 = g. List the prime factors of w.
7, 11
Suppose q + 6*q - 6769 = 0. Suppose 0 = -16*w + 217 + q. What are the prime factors of w?
2, 37
Let x be (-18)/(30/5) + -1 + 2055. Suppose -14*y + 1239 = -x. List the prime factors of y.
5, 47
Suppose 487 = 3*y + 3*s - 5258, 0 = -2*y - 5*s + 3845. List the prime factors of y.
2, 5, 191
Suppose -4*o - 4*a = -28, 6*a - 18 = -2*o + 3*a. Let j(h) = 5*h**3 + o - 4*h**3 - 2*h - 3. What are the prime factors of j(2)?
2
Suppose 0 = -2*h + 10. Suppose -219 = -h*f + 186. What are the prime factors of (f + 1)/(5 - 3)?
41
Let w(j) = -15*j - 30. List the prime factors of w(-21).
3, 5, 19
Let v(a) = -358*a + 22. List the prime factors of v(-2).
2, 3, 41
Let x(d) be the third derivative of -1/8*d**4 - 5/3*d**3 + 0*d + 5*d**2 + 0 + 1/60*d**5. List the prime factors of x(7).
2, 3
Let c = 2583 - 2303. List the prime factors of c.
2, 5, 7
Let v = -75 - -96. Let w = 52 - v. List the prime factors of w.
31
Suppose 0 = 2*y - 3*o - 5074, -2*y - o - 10148 = -6*y. What are the prime factors of y?
43, 59
Suppose 10*h = 650 + 1410. What are the prime factors of h?
2, 103
Suppose -3*n - 2*f + 10 = 0, -5*f + 16 = 2*n + 2. Suppose -3*m + 143 = -5*i, 0*i - i = -n. What are the prime factors of m?
3, 17
List the prime factors of -1657*2/(-14) - (-10)/35.
3, 79
Let b = 601 - 411. Let v = 407 - b. What are the prime factors of v?
7, 31
Let z(u) = 6*u**2 - 9*u - 16. Let g be z(-3). What are the prime factors of g*(0 + 1) + -1?
2
Let q(o) = -o**3 - 7*o**2 + 12*o + 24. Let a be q(-9). Suppose 3*w = -3*y + a + 378, 458 = 3*y + 4*w. List the prime factors of y.
2, 3, 5
Suppose -71 = 4*b + 197. Let l = 105 + b. What are the prime factors of l?
2, 19
Let h(o) = -o**2 + 13*o - 3. Suppose -72 + 6 = -6*x. Let u be h(x). Suppose -u*b - 11 = -20*b. List the prime factors of b.
11
Suppose 4 + 4 = 4*k. Suppose 102 = k*a - 22. List the prime factors of a.
2, 31
Suppose 0 = -h + 1 - 9. List the prime factors of ((-25)/(-20))/((-2)/h).
5
List the prime factors of (-2)/(-5) + 3801/35.
109
Suppose 114 = 5*y + 3*k, -4*y + 2 = k - 92. Suppose 0*n + y = -4*n. List the prime factors of ((-2)/n)/((-1)/(-156)).
2, 13
What are the prime factors of (189/(-6))/(516/176 - 3)?
2, 3, 7, 11
Let j(g) = 19*g - 2. Let t be 6/(-21) - (-12)/42. Suppose 3*q = -t + 3. List the prime factors of j(q).
17
Let h(a) = 56*a**2 - 17*a + 74. What are the prime factors of h(4)?
2, 11, 41
Let y(v) = 2*v**2 - 36*v + 15. What are the prime factors of y(-7)?
5, 73
Let n(d) = 4*d**2 - 11*d - 14. What are the prime factors of n(15)?
7, 103
What are the prime factors of (-1808)/(-3) + (-12)/(-36)?
3, 67
Let j(x) = -19*x**2 + x + 6. Let t(v) = -v**2. Let g(u) = -j(u) + 6*t(u). List the prime factors of g(-2).
2, 3
Let h = -80 - -82. Let f be (2 + -2)*2/(-2). Suppose p - 173 = -2*p + h*j, f = p + 3*j - 76. What are the prime factors of p?
61
Let f(n) be the first derivative of -5*n**2 - 25*n - 4. What are the prime factors of f(-10)?
3, 5
Let u = -1504 + 4021. What are the prime factors of u?
3, 839
Let d(t) = -2*t**3 + t**2 + 3*t - 2. Let q = 22 + -24. Let i(j) = -j**3 - 5*j**2 - 4*j + 1. Let z be i(q). What are the prime factors of d(z)?
2, 13
Let a(f) = 13*f**2 + f + 4. What are the prime factors of a(2)?
2, 29
Let o(d) = -d**3 + 10*d**2 + 23*d + 23. Let h(m) = -2*m + 36. Let s be h(12). What are the prime factors of o(s)?
11
Let p(z) = 11*z**2 - 3*z + 5. Let f(y) = -y**3 + 3*y**2 + 8*y + 13. Let c be f(5). What are the prime factors of p(c)?
5, 19
Let s be (513/54)/(1/8). Let u(x) = 4*x**2 - 2. Let a be u(-2). Suppose s = 2*z - a. List the prime factors of z.
3, 5
Let k be (0 + 10)/((-22)/33). Let a = k - -22. Suppose n + 4*o - 2*o = a, -o = 3*n - 16. What are the prime factors of n?
5
Let a be (2/8*-14)/((-2)/4). List the prime factors of (14/8)/a + (-358)/(-8).
3, 5
Let v = -2 + 6. Suppose -v*w + 358 - 118 = 0. What are the prime factors of w?
2, 3, 5
Suppose -5*o = -3*r - 9*o + 2670, 2*o - 1780 = -2*r. List the prime factors of r.
2, 5, 89
Suppose -3*f + s = -5416, -f - 3*s = 3*f - 7217. List the prime factors of f.
5, 19
Let g = 81 + 42. Suppose 0 = -d + 3*c + g, 4*d - 4*c = 8*d - 428. Suppose -3*b + d = -12. List the prime factors of b.
41
Let g(v) = 155*v - 777. What are the prime factors of g(45)?
2, 3, 1033
Let c(i) = i**3 + 58*i**2 + 60*i + 92. What are the prime factors of c(-56)?
2, 751
Let f = 3520 + -608. List the prime factors of f.
2, 7, 13
Let o(s) = -14*s**3 + 21*s - 7. What are the prime factors of o(-4)?
5, 7, 23
Let v = 27 - 31. List the prime factors of (38/4)/(v/(-8)).
19
Suppose 6*u = 7*u + v - 4499, 0 = 2*u + 3*v - 9003. What are the prime factors of u?
2, 3, 7, 107
Suppose 4*w = -3*k + 1276, 5*w + k - 640 = 3*w. Suppose j - w = -6*j. What are the prime factors of j?
2, 23
Let u(y) = -y**3 + 15*y**2 - 4*y + 20. Let n(f) = -15*f**3 - f**2 + 2*f + 2. Let a be n(-1). List the prime factors of u(a).
2, 5
Let a = -1219 - -1920. List the prime factors of a.
701
Let d be (-4)/6 + (-1176)/(-36). Let q = d - 18. What are the prime factors of q?
2, 7
Let c(k) = 16*k**3 + k**2 + 7*k - 20. List the prime factors of c(5).
2, 3, 5, 17
Let w(i) = 15*i**2 - 12*i + 4. List the prime factors of w(6).
2, 59
Let j(y) = 20*y**3 + 2*y**2 + y. Let h be j(2). Let x = h + -111. What are the prime factors of x?
59
Suppose 4*f = 4*l - 8*l + 2808, -3*f + 2112 = l. List the prime factors of f.
3, 5, 47
Let o be (10/6)/((-3)/(-81)). Let i(r) = -r**2 - 12*r - 15. Let n be i(-10). Suppose -5*l = d - 50, -n*l + o = -5*d